- 2. Suppose 15 = -5*j, -2*i = -5*i - 2*j + 30. Suppose -i*r - 6 = -14*r. Suppose -r*f + 42 = -10*f. What is n(f)?
4
Let z(t) = 7*t**2 + 48*t - 68. Let l be z(-8). Let c(x) = -29*x - 120. Calculate c(l).
-4
Let a(w) be the first derivative of -w**7/840 + w**6/360 + 5*w**4/6 + 52*w**3/3 - w**2 - 75. Let g(l) be the third derivative of a(l). What is g(0)?
20
Let v be (6 + 13/(65/(-45)))/(9/12). Let p(o) = -o**3 - 4*o**2 + o + 7. Determine p(v).
3
Let q = -168 + 159. Let v(t) be the third derivative of -t**6/120 - 2*t**5/15 + 5*t**4/12 + 3*t**3/2 - 3*t**2 + 9*t. Determine v(q).
0
Let m(o) = -3*o**2 - 55*o - 191. Let u be m(-14). Let g(q) = -q**2 - 13*q - 17. Calculate g(u).
19
Let m(u) = -40*u + 917. Let z be m(23). Let j(t) = -t**2 + 4*t. Let a(d) = d**2 - 3*d. Let n(c) = 6*a(c) + 5*j(c). Give n(z).
3
Let v(d) = -17*d + 21. Let r(g) = -61*g + 61. Let s(j) = -2*r(j) + 7*v(j). Determine s(-17).
-26
Let b(q) be the second derivative of 3*q**5/20 + q**4/12 - q**3/6 - 3*q**2 + 1202*q. What is b(3)?
81
Let n(i) = 1 + 2 - 13 + 3 + 2*i. Let j be n(5). Suppose -j*z + 0*z = -6. Let c(g) = -g**3 + g**2 - 2*g + 2. What is c(z)?
-6
Let z(t) = -t**3 - 4*t**2 - t + 2. Let y(x) = -2*x**3 + 3*x**2 - 5*x - 13. Let l be y(-2). Suppose -l*n = -10*n + 45. Calculate z(n).
-4
Suppose 5*m + 38 = -2*t - 45, -5*m + 121 = -4*t. Let x be (-1)/(-2) - 85/t. Suppose -4*f - 4*z = 4, f = x*f - z + 8. Let r(o) = 2*o**2 + o - 2. What is r(f)?
13
Suppose 2*s - 316 = -4*f - 308, -48 = -5*s + 4*f. Let b(x) = -3*x + 36. Calculate b(s).
12
Let q(f) = 2*f**3 - 9*f**2 + 8*f - 9. Let p be q(4). Let g(w) = 50*w + 29 - p - 99*w + 50*w + 0. Calculate g(-16).
6
Suppose -h = -4*o + 43, o - 10 = -5*h + 27. Let n be o/(-4)*(4/(-3) - -2). Let l be 1 + -4 + 12 + n. Let r(t) = 4*t - 9. What is r(l)?
19
Let o(i) = 13*i**3 - 6*i**2 + i + 3. Let g be o(-1). Let j(a) = 2*a**2 + 31*a - 31. Calculate j(g).
20
Let v(d) = d**3 - 167*d + d**2 + 5*d**2 - 4*d**2 - 2 + 167*d. Let c(o) = o**3 + 2*o**2 - 3*o + 4. Let z be c(-3). Suppose 0*t - 8 = z*t. Determine v(t).
-2
Let f be 462/(-105) + (-84)/(-60). Let b(c) = -3*c**2 + 4*c + 6. Let g(p) = 6*p**2 - 9*p - 13. Let a(o) = 5*b(o) + 2*g(o). Give a(f).
-29
Let j = 311 - 311. Let s(a) = a**3 + 3*a**2 + a + 1. Let q(v) = 2*v**3 + 2*v**2 + 25. Let r(i) = -q(i) + s(i). Calculate r(j).
-24
Let s(f) be the third derivative of -f**3/2 - 67*f**2 - 2*f. Let o(x) = -3*x - 1. Let p(t) = -3*o(t) + s(t). Calculate p(1).
9
Let p(i) be the first derivative of 25*i**2/2 - 2*i - 5006. Calculate p(-2).
-52
Let l(m) = m**2 + 3*m + 1. Suppose -76*j + 81*j = 150. Suppose 4*d - 58 - j = 0. Suppose -5*p + d = 2, 0 = -2*x + p - 12. What is l(x)?
5
Suppose 82*j - 55*j - 54 = 0. Let c(s) be the third derivative of 11/6*s**3 + 0*s + 0 - 7/24*s**4 - 8*s**j - 1/60*s**5. Give c(-8).
3
Let y(m) = 27*m - 77. Let n = -4733 + 4736. Determine y(n).
4
Let n be 516/(-387)*(8 - 2). Let r(d) = -d**3 - 6*d**2 + 18*d + 9. Give r(n).
-7
Let u(a) = -a**3 + 7*a**2 - 14*a + 24. Let h be 3/(-10) - 12/((-4080)/1802). Calculate u(h).
4
Let x(n) = n**3 - 7*n**2 + 4*n - 27. Suppose -9*o = 105 - 168. Calculate x(o).
1
Let w(h) = h**3 + 6*h**2 + h - 6. Let o be (16/6)/8*87. Let f = -34 + o. Let i(g) = -g**3 - 4*g**2 + 5*g - 6. Let r be i(f). What is w(r)?
-12
Let y(r) = -42066 + 21077 + 21068 - 2*r**2 - 38*r. What is y(-21)?
-5
Let p(w) = 12*w + 212. Suppose 0 = -33*k - 4030 + 3436. Determine p(k).
-4
Suppose 2*k + 21 = -k. Let a(v) be the second derivative of -v**3/3 - 10*v**2 - 1569*v. Let u be a(k). Let j(d) = -d**2 - 6*d - 1. Determine j(u).
-1
Let d be (-7)/20*-4 + 4/(-10). Let q(k) = 2*k**3 - 4*k**2 - 12*k - 6. Let s(w) = w**3 + w**2 - w. Let b(l) = d*q(l) - 3*s(l). Determine b(-6).
12
Let w be 33/(-3) - (-1 - 21). Let d(z) = -z**2 + 11*z - 12. Give d(w).
-12
Let p(i) = 2 + 2*i + 6 + i**2 - 3 + 0. Suppose 418 = -96*x + 122 - 88. Calculate p(x).
13
Let v(i) be the second derivative of -1/20*i**5 - 1/2*i**2 + 0 + 5/6*i**3 - 5/12*i**4 + i. Let n be (-50 - -56)*(-4 + (0 + 2 - -1)). Give v(n).
5
Let u(v) = 0*v - 2 - v - 2. Let g be 7*(-7)/(147/(-12)). Suppose 0*m - m = t + g, 3*t - 8 = m. Calculate u(m).
1
Let k(q) be the third derivative of -4*q**4/3 - 5*q**3/6 + 7*q**2 + 3*q. Let z(g) = -2*g - 1. Let o(t) = k(t) - 6*z(t). Give o(-1).
21
Let n(d) = -d**2 + d + 6. Let y(u) = -28*u**2 - 392*u + 3. Let g be y(-14). Calculate n(g).
0
Suppose -149*p - 446 = 1. Let m(o) = -25*o - 18. What is m(p)?
57
Let b(o) = -6*o + 5*o + 4*o**2 - 14 + 15. Let x be (1 - (-2 - -1)) + 14. Let j = x + -14. Determine b(j).
15
Let s(r) be the second derivative of r**5/20 + r**4/3 - r**3/3 - 2*r**2 - 5*r. Suppose 22*p + 1038 = 972. What is s(p)?
11
Let y(k) = k**2 + 23*k - 26. Suppose -7*h - 2451 = -2283. Give y(h).
-2
Let a be (34/68)/(2/(-16)) + 6. Let w(u) = u**2 - 6*u + 11. Let z(f) = 2*f**2 - 8*f + 11. Let k(d) = a*z(d) - 3*w(d). Calculate k(-5).
4
Let q(l) be the first derivative of -l**3/3 + 3*l**2 + 9*l + 3892. Determine q(6).
9
Suppose -o - 3*u = -18, 17*u = 4*o + 12*u - 4. Let t(r) = r**3 - 7*r**2 + 3*r + 12. Give t(o).
-6
Let y(w) be the first derivative of -3*w**4/2 - w**3/3 - 3*w**2/2 - w - 47. Let b be y(-1). Let z(g) = -g**2 + 9*g - 3. Determine z(b).
11
Suppose -2*f - 9 = -5*f. Let y(t) = -24*t + 22. Let l(v) = 13*v - 12. Let d be -1 + -8 + -3 + 6. Let j(g) = d*y(g) - 11*l(g). Calculate j(f).
3
Let q = 178 + -64. Let u = -116 + q. Let w(o) = 1 + 3*o - 2*o + 1 + o**2. What is w(u)?
4
Let k(b) = 5. Let p(f) = -f - 1. Let h(g) = -k(g) - p(g). Let j = 31943 + -31937. What is h(j)?
2
Let o(n) = 50 + 4625*n**3 - 4626*n**3 - 15*n + 7*n**2 - 18*n**2. Calculate o(-4).
-2
Let b(h) = 4*h**3 + 2*h**2 - h - 2. Let m(f) = 19*f**3 + 17*f**2 - 14*f - 3. Let c(r) = -5*b(r) + m(r). Let w = 18 + -12. Calculate c(w).
-11
Let m be -158*(-4 - (1 + -4)). Let l(k) = -157 + 0*k + 313 - m - 9*k. Give l(1).
-11
Let y(r) = 2*r - 1. Let p(v) = -v**2 - 10*v + 3. Let d(a) = -p(a) - 3*y(a). Let f(w) = -w**3 + 5*w**2 + 8*w - 17. Let b be f(6). Give d(b).
5
Let c(q) = -q**3 + 4*q**2 - 2*q + 2. Let m be (-4)/6*(-645)/86. What is c(m)?
-33
Let t be 5 + 15/(-3)*2. Let u(m) = 2*m**2 - 3*m - 6. Let s(z) = -6*z**2 + 8*z + 18. Let x(b) = t*s(b) - 16*u(b). Determine x(5).
-4
Let q(s) be the first derivative of s**4/4 - 5*s**3/3 - s**2/2 - s + 2279. Give q(5).
-6
Let l(s) = s**2 + 6*s - 4. Let r = 339 - 303. Suppose -50*o = -56*o - r. Calculate l(o).
-4
Let k be -4 - -3 - (-1 - 14). Let m be 16/(-28) - (-106)/k. Let c be (-2)/m + 16/56. Let f(s) = -s**2. Determine f(c).
0
Let f = -181 + -1192. Let a = -1381 - f. Let k(l) be the third derivative of -l**5/60 - l**4/3 - l**3/2 - l**2. Give k(a).
-3
Let r(s) = 2*s - 9. Suppose -7*p - 86 = -100. Suppose 0*x = -p*x - 4*b + 20, -10 = -5*b. Give r(x).
3
Let s(g) = 179 + 0*g + 174 + 9*g + 179 - 530. What is s(0)?
2
Suppose 15*i - 65 = 2*i. Suppose 3*d - 2*a - 20 = -d, 10 = i*a. Let w(s) = -s**3 + 5*s**2 + 9*s - 3. Give w(d).
15
Let u be 3 + 0/(10 - 6). Let f = -8 + 12. Let y(p) = -f + 1 - 212*p + 213*p. Calculate y(u).
0
Let r(n) = -6*n - 4 + 7*n - 23*n**2 + 2*n**2 + 6*n**2 + 16*n**2. Give r(4).
16
Let c(b) = 4*b**2 - b. Let k(n) = n**2 + n - 1. Let o(r) = -5*r**2 + 17*r - 10. Let f(j) = -2*k(j) - o(j). Let s be f(7). Let d = s - 27. Calculate c(d).
5
Suppose 0 = 6*j - 8*j + 2. Suppose 2*a - 10 + 6 = 0. Let w(z) = 1 - 620*z**2 + 8*z**3 + 620*z**2 - a*z. Calculate w(j).
7
Let q(m) = -4*m + 2. Let i be (-15384)/(-60) + 4/(-10). Let b = i - 251. Determine q(b).
-18
Suppose 5*q - 45 = 5*n, 7*q - 12 = 4*q. Let c(k) = 3*k**2 - 9*k - 44. Determine c(n).
76
Let w(d) = -2*d**3 + 21*d**2 + 2*d**3 - 8*d**2 + 2*d**3 - 4*d**2 - 4 - 5*d**2. Let i(b) = -2*b**2 + 4*b - 3. Let g be i(2). Determine w(g).
-22
Let c(y) be the third derivative of y**6/120 - y**4/12 - 7*y**3/3 + 7*y**2 + 2*y + 7. What is c(5)?
101
Let n(s) = -5*s**2 + 2*s + 2. Let l be (((-20)/15)/((-4)/12))/2. Suppose -4 = 2*g + l*g. Determine n(g).
-5
Let l = -68 - -58. Let m(k) be the third derivative of k**6/120 + 11*k**5/60 + 11*k**4/24 + k**3/6 + 18*k**2 + k. Calculate m(l).
-9
Suppose 5*x - 28 = 3*j - 18, 0 = -3*x - 3*j + 6. Suppose 0 = 4*o + 2*u - 26, 5*o - x*u = -4*u + 30. Let z(y) = 2*y - 1. Determine z(o).
7
Let g(v) = -2*v**3 - 22*v**2 - 4*v - 38. Suppose 58*z 